Suppose b = 2*b - 12. Let l(c) = -4*c + 8 + 13*c - b*c. Calculate l(8).
-16
Let i(m) = -12*m - 171. Let w(j) = -11*j - 140. Let g(x) = 4*i(x) - 5*w(x). Give g(-4).
-12
Let a(p) be the second derivative of 1/20*p**5 + 1/2*p**3 + p**2 - 2*p + 0 - 7/12*p**4. Let m be (-13 + (-38)/(-4))*(-24)/14. What is a(m)?
-16
Let i be (4/(-12))/((-1)/150). Let m(d) = -128 + i + 49 + 40 + d. What is m(-7)?
4
Let k(g) = -2*g**2 + 2*g - 3. Let i(b) = -3*b**2 + 3*b - 4. Let r(o) = -5*i(o) + 8*k(o). Suppose -10*p + 3*f = -93, f = 48*p - 53*p + 19. Calculate r(p).
-34
Let n(v) = 8*v + 154. Let t be n(-19). Let a(g) = -7 + 149*g - g**t - 143*g + 3. Determine a(5).
1
Let f(r) be the first derivative of 44 + 1/2*r**2 + 8*r. Determine f(-6).
2
Let k = 3125 + -3126. Let n(w) be the third derivative of -17*w**5/60 - w**4/12 - w**3/6 - w**2. What is n(k)?
-16
Let d(t) = 2*t**2 - 27*t - 15. Let g(u) = -u**3 + 23*u**2 - 130*u + 14. Let q be g(10). Calculate d(q).
-1
Suppose 2 = -2*n, -3*m + 1 = -3*n - 2. Suppose 35*q - 37*q + 14 = m. Let x(c) = -c + 3. Calculate x(q).
-4
Let f(d) = 2*d**2 + 9*d + 9. Let m(u) = -4*u - 100. Let q be m(-22). Let z be 20/q - (-20)/(-6). What is f(z)?
14
Let g = -26168 + 26165. Let j(d) = -3*d - 2*d + d - 6. Determine j(g).
6
Let q(a) be the first derivative of -1/4*a**4 + a**3 - a**2 + 110 + 2*a. What is q(3)?
-4
Let n(o) be the first derivative of o**4/4 + 7*o**3/3 - 4*o**2 - 4*o + 15063. Suppose -3*p - 24 = -0*p. Determine n(p).
-4
Let q(t) = -67*t - 392. Suppose y + 7 = -2*c, y + 19 = 1849*c - 1853*c. What is q(c)?
10
Let n(x) = x**3 - 9*x**2 + 15*x + 3. Let y be n(2). Let k(o) = 9*o + 13*o**2 - 4 + o**3 - 26*o**2 + y*o**2. Give k(7).
10
Let d(b) be the first derivative of 7*b**5/60 - b**4/24 - b**3/6 - 65*b**2 - 10. Let k(h) be the second derivative of d(h). What is k(2)?
25
Let c(r) = -3*r**3 + 78*r**2 - r + 13. Let d be c(26). Let z(v) = -4*v - 44. Determine z(d).
8
Let y(s) = 2*s**2 + 11*s + 6. Let q be y(-5). Let o(r) = -r**2 + 2. Let u(l) = 5*l**2 + 3*l - 2. Let t(f) = q*u(f) + 2*o(f). What is t(-2)?
8
Let u(g) = g**3 - 8*g + 2. Suppose -109*r + 201 + 68 + 58 = 0. Determine u(r).
5
Let v(x) = 10*x**2 - 2. Let p(n) = -52*n**2 - 2*n + 11. Let y(s) = p(s) + 5*v(s). Determine y(-2).
-3
Let k(h) = -h**3 + 4*h**2 - h. Let s be (-1 + 39/9)*6 + 2. Suppose 18*y - s*y + 12 = 0. Suppose y*r = -3*i, -6*r + 3*r = 12. What is k(i)?
-4
Let s = 2144 + -2162. Let h(g) = g - 8. Calculate h(s).
-26
Let w(h) = 2*h**2 - 6*h**2 + 4 + h**2 - 8*h + 4*h**2 + 0*h**2. Let r = 62 - 58. Let y be (45/12 + -4 + 2)*r. What is w(y)?
-3
Let s(j) be the first derivative of -16*j**2 - j + 2244. Determine s(-3).
95
Let p(v) = -v**2 + 22*v - 25. Let q(u) = u**3 - 87*u**2 + 86*u + 24. Let j be q(86). Give p(j).
-73
Let c(i) = -15*i**3 + 16*i**2 + 30*i + 75. Let v(w) = 7*w**3 - 8*w**2 - 14*w - 38. Let z(b) = 6*c(b) + 13*v(b). Calculate z(9).
19
Let b(x) = -x**3 - x**2. Let i(v) = v**3 - v - 1. Let h(y) = -4*b(y) - 3*i(y). Let j = 56 + -56. Suppose j = -3*n + 11 - 17. What is h(n)?
5
Suppose 0 = -4*r + 2*t - 19 + 59, 3*r = 4*t + 40. Let k(d) = d**3 - 7*d**2 - 8*d + 10. Give k(r).
10
Suppose 9*h = -6*h + 4*h. Suppose h = 24*d - 78 - 18. Let t(f) = -2*f**2 + 3*f + 5. Determine t(d).
-15
Let q = -110 - -111. Let y(b) = 2*b. Let v(r) = r**2 + 5*r + 8. Let g(l) = q*v(l) + y(l). Give g(-6).
2
Let g(o) = -o**3 + 5*o**2 - 3*o + 14. Suppose 10*i = 2781 - 2721. Give g(i).
-40
Let d(z) = -z + 8. Let q = -51 - -135. Let p be ((-6)/(-9) + (-200)/q)*-28. Suppose -5*l + p - 18 = 0. What is d(l)?
2
Let n(w) be the third derivative of -w**6/120 - 3*w**5/20 - 7*w**4/24 + 53*w**2 - 2*w + 43. Give n(-6).
-66
Let l(m) = -m**3 - 8*m**2 + 4*m + 4. Let c be 2/((-122)/30 + (-121)/(-33)). Calculate l(c).
-91
Let u(f) = -8*f - 31. Suppose -4*x - 24 = -0*x. Let s be u(x). Let n = 10 - s. Let h(a) = -a**3 - 7*a**2 - 3*a. Determine h(n).
21
Suppose -7 - 4 = -2*t - x, -5 = -5*x. Let f(u) = -3*u**2 + 10*u + 13. Give f(t).
-12
Let r(z) = 6*z**3 - 34*z**2 + 62*z + 64. Let x(o) = -8*o**3 + 27*o**2 - 61*o - 63. Let w(s) = 5*r(s) + 4*x(s). What is w(-32)?
4
Suppose 5*u + 4*a - 21 = 9, 30 = 5*u - 3*a. Let o(l) = 2 + l**2 - 2*l + 0*l - u + 5. Give o(3).
4
Let l(n) be the first derivative of n**3/3 - 5*n**2 + 12*n + 3899. What is l(3)?
-9
Let a(g) = -g - 4. Let l(h) be the second derivative of -h**3/6 - 11*h**2/2 + 4*h. Let f be l(-14). Let i be ((-5)/3)/(f/((-162)/15)). What is a(i)?
-10
Let y(t) be the first derivative of 5/3*t**3 + t - 27 - 1/2*t**2. Calculate y(2).
19
Let r(v) = 156 - 10 - 3*v - 286 - v + 0*v. What is r(-36)?
4
Let w(f) = 5*f**3 + 55*f**2 - 11*f - 74. Let n(d) = 2*d**3 + 19*d**2 - 3*d - 24. Let u(g) = -8*n(g) + 3*w(g). Determine u(12).
6
Let r(k) = -7*k**2 + 11*k - 2. Let o(g) = 270 - g**2 - 267 - 10*g + 3*g**2 + 3*g**2. Let j(t) = -3*o(t) - 2*r(t). Give j(4).
11
Let q(m) be the third derivative of m**6/120 - 3*m**5/4 + 85*m**4/24 + 29*m**3/3 + 2*m**2 - 9522. What is q(43)?
15
Let r(o) = -2*o**2 - 13*o**2 + 17*o**2 - o**2 - 62. Let u be r(-8). Let v(q) = -3*q**2 + q - 2. Determine v(u).
-12
Let t(l) = 92*l**2 + 255*l - 7. Let d(h) = -120*h**2 - 340*h + 9. Let g(v) = 7*d(v) + 9*t(v). Give g(-7).
7
Let t(v) be the second derivative of 1/6*v**3 + 21 + 2*v - 5/2*v**2. Determine t(9).
4
Let y(g) = 6*g - 24. Let b be ((-1 - 4) + -28 + 27)*40/(-24). Calculate y(b).
36
Let j(q) = 8*q**2 - q + 1. Let n(o) = -7*o**2 + 5*o - 11. Let z(k) = j(k) + n(k). Suppose -x = -3*p + 7, -5*x = 2*p - p + 35. Give z(x).
11
Let h(q) = -q**2 - 3*q + 6. Let a be h(-5). Let r(n) be the third derivative of 0 + 7/24*n**4 + n**3 + 0*n + 1/60*n**5 + 193*n**2. Determine r(a).
-6
Let b(u) = 197 + u + 205 + 206 + 201 - 811. Calculate b(8).
6
Let f(q) be the first derivative of -q**4/4 + 10*q**3/3 + 5*q**2 - 7*q + 197. Determine f(11).
-18
Let l(j) = -j**2 + 3*j + 21. Let b(m) = -46*m - 49. Let d be b(2). Let w = d - -148. Calculate l(w).
-7
Suppose 22*r - 60*r - 190 = 0. Let v(o) = o**3 + 6*o**2 + 5*o - 4. Calculate v(r).
-4
Let a(f) be the first derivative of -26*f**2 - 633*f + 2843. Give a(-12).
-9
Suppose -34*z = -19*z + 60. Let c be 2/(-6 - z) + (-2 - -2). Let m(o) = 42*o**3 - o**2 + o + 1. Determine m(c).
-43
Let p(s) = 3*s**3 + s**2. Suppose -u = 3*r - 17, -3*u - 2*r + 6 + 10 = 0. Let t(h) = h**2 - h. Let g be t(u). Let o = g - 3. Give p(o).
-2
Suppose 12 = 4*g, -3*g - 12 = -5*d + 9. Suppose 4*h - 14 = -3*f, 2*f = 4*h + d - 30. Let l(z) = z**2 - 10*z + 19. Determine l(h).
-6
Let h(u) = -8*u - 19. Let o(r) = -r - 15. Let m(v) = h(v) - o(v). Give m(-7).
45
Let n(k) = -2*k**3 - 2*k**2 + 2*k + 1. Let y be -5 + 10/(40/36). Suppose -2*i + y - 8 = 0. Calculate n(i).
5
Suppose -25 - 195 = 22*s. Let o(h) = -6*h - 34. Calculate o(s).
26
Let v(x) = -191577*x + 5 + 383177*x + 10 + 2*x**2 - 191583*x. Calculate v(-9).
24
Let g(p) = 3*p - 12. Let s be g(7). Let x(w) = w**3 - 1 - 12*w + w**2 + s*w - 6*w**2 + 5*w. Let j = 99 - 96. Calculate x(j).
-13
Let t(o) = 9*o + 12. Suppose 92 = 29*x + 208. Determine t(x).
-24
Let i(q) = -11*q + 482. Let m be i(44). Let s(a) = a**3 - 2*a**2 + 2. Give s(m).
-14
Let g(c) be the second derivative of -7*c**5/120 - c**4/24 - 3*c**3 - c + 28. Let h(z) be the second derivative of g(z). Let x = -10 + 9. Calculate h(x).
6
Let w(g) = -g**2 - 2*g + 22. Let x = 35 - 40. Calculate w(x).
7
Let i(l) = -l**3 + 8*l**2 + 1712*l - 11 - 857*l - 856*l. Suppose 2*d + 3*h - 7 = 0, -3*h + 15 = 3*d - 0*h. What is i(d)?
-19
Let l(z) = -3*z**2 - 4 + 2*z - z**3 - 4*z**2 + 4*z**2. Suppose -19 = o - 4*j, -4*j + 16 = -4*o - 24. Let s be -4 - (3 + o + 4). Calculate l(s).
4
Let g be (-11 + (-16 - -31))*(1 + -7). Let s(y) = y**2 + 30*y + 153. Determine s(g).
9
Suppose 158 + 4 = 18*m. Let h(f) = -m*f**2 - 13*f + 3*f + 9*f. Determine h(1).
-10
Let t(p) = 2*p**3 + 7*p**2 + 6*p. Let j(l) = l + 22. Let s be j(-25). Determine t(s).
-9
Suppose 0 = 2*c - 4*k + 8, -2*c + 0*c = -5*k + 9. Suppose 5*p = w - 12 - 8, -5*p + 10 = 5*w. Let o(l) = 3*l + 3 - w*l - 2 - 3*l - 3. Determine o(c).
8
Let h(c) = c**3 + 1. Let v(i) = -i**2 - 5*i - 34. Let k be v(-5). Let p = -35 - k. Calculate h(p).
0
Let y(z) = -4*z**2 - z + 5. Suppose -104*g = -101*g + 2*i - 19, 4*i = 20. What is y(g)?
-34
Let y be 17*(24/(-20))/(3/(-20)). Let k be ((-23)/(-92))/(2/y). S